hat is the remainder when s(0) is divided by 22?
19
Suppose 0*k - 5*k + 1170 = 0. Suppose 448*s - 447*s - 59 = 0. What is the remainder when k is divided by s?
57
Let m(h) = h**2 + 8*h + 1. Let f be m(-6). Let s = 21 - f. Suppose -2*w + n + 14 = 0, -s = -4*w + 2*n + 2*n. What is the remainder when 17 is divided by w?
5
Let k = 24 + -18. What is the remainder when 42 is divided by ((-28)/49)/(k/(-231))?
20
Let s = 590 + -481. What is the remainder when s is divided by 27?
1
Suppose 3*k - 3*x = k + 186, 5*x = 3*k - 277. Let b = k + -91. What is the remainder when 36 is divided by b?
4
Let m(o) be the second derivative of -o**5/20 - 11*o**4/12 - 3*o**2 + o. Let j be m(-11). Let f(i) = -5*i - 2. What is the remainder when 54 is divided by f(j)?
26
Let g(j) = 6*j - 14. Let a be g(6). Suppose -27*n + 25*n = -a. Let c = 12 + 9. What is the remainder when c is divided by n?
10
What is the remainder when 76 is divided by (-195)/(-65) + (-10)/(-4)*2?
4
Suppose 4*f - 8*z - 1 = -3*z, -2*f - 5 = 3*z. Let a = f + 13. Suppose -4*m = -2*s - 46, -3*s - a = -4*m + 31. Calculate the remainder when m is divided by 5.
3
Let y(k) = k**3 - 26*k**2 + 24*k - 54. Let t be y(25). Let m = 68 - t. Calculate the remainder when m is divided by 50.
47
Let v = -92 + 95. Suppose -2*t = -5*b - 35, -2*t + 0 - 5 = v*b. What is the remainder when 58 is divided by t?
3
Suppose -2*c = 4*h - 344, 14*c - 12*c - 4*h - 312 = 0. Calculate the remainder when c is divided by 61.
42
Let r(o) be the first derivative of o**4/2 - 2*o**3 - 2*o**2 - o + 16. What is the remainder when 27 is divided by r(4)?
12
Let s be -16 - 10/(-20)*(-3 - -1). Let u(t) = -t**3 - 18*t**2 - 27*t - 16. Calculate the remainder when u(s) is divided by 26.
24
Let q(u) = 43*u + 2. What is the remainder when q(3) is divided by 6/21 + ((-96)/(-7) - -5)?
17
Suppose 2*z + 5*w = -4, -2*z + 2 = -2*w - 8. Suppose 2*c + 120 = 4*a, -z*a + 30 = -2*a + c. Calculate the remainder when a is divided by 8.
6
Suppose 0 = 21*m + 10*m - 744. What is the remainder when 206 is divided by m?
14
Let v be (-3)/5 - 56/(-10). Let x(f) = 4*f**2 - v*f**2 + 6*f**2 - 1 + f**3 + f**2 + 3*f. What is the remainder when x(-4) is divided by 5?
4
Suppose 3 - 7 = -2*o. Let m(f) = -12*f - 3. What is the remainder when m(-2) is divided by (-13 - 3)*o/(-4)?
5
Let i be ((-10)/15)/(4/(-30)). Suppose 5 = 2*k - r, -3*k + 17 = -k - i*r. Calculate the remainder when 31 is divided by (5 - k)/((-6)/(-12)).
7
Let d = 30 + 60. Suppose -2*l + 11 = 3*r, -4*l = -r - 8 - 7. What is the remainder when d is divided by (-2)/l + (-188)/(-8)?
21
Let s = 31 + -12. Let j(v) = -v**3 - v**2 + 2*v + 10. Let y be (-4)/18 + (-32)/(-144). What is the remainder when s is divided by j(y)?
9
Let k = 41 - 26. Suppose -2*u - 2*u = 5*d + 5, -2*u = -2*d + 16. Let j = 31 - d. What is the remainder when j is divided by k?
13
Let k(m) = -m**3 - 2*m**2 + 21*m + 15. What is the remainder when 290 is divided by k(-6)?
26
Let j(d) = -6 + 3 - 3*d**2 + 3*d**2 + d + d**2. Calculate the remainder when 9 is divided by j(-3).
0
Calculate the remainder when 467 is divided by ((-4332)/1140)/(1*(-1)/5).
11
Suppose -5*c = -10*c + 5*f + 15, 0 = -c + 4*f + 3. Let o = 18 - c. Calculate the remainder when 89 is divided by o.
14
Let q = 651 + -489. Calculate the remainder when q is divided by 41.
39
Let f = 384 - 370. Calculate the remainder when 47 is divided by f.
5
Suppose 0 = -211*k + 197*k + 2450. What is the remainder when k is divided by 60?
55
Let a be ((-2)/(-2))/((-17)/1105). Calculate the remainder when 6 is divided by 1/(-5) + (-208)/a.
0
Let v = -1565 - -2237. Calculate the remainder when v is divided by 25.
22
Let r = 443 + -409. Let w(v) = 3*v - 3. Let x be w(2). Let u(m) = -m**3 + 3*m**2 + 2*m + 3. What is the remainder when r is divided by u(x)?
7
Calculate the remainder when (20/(-14))/((-24)/84) + 35 is divided by -33*(20/(-6) + 3).
7
Let g = 1558 - 1459. Calculate the remainder when 200 is divided by g.
2
Let p(y) = -3*y + 46. Let j be p(20). Let o = 3 - j. What is the remainder when 43 is divided by o?
9
Suppose -3*q + 143 = 3*y - 2*q, -107 = -2*y - 3*q. Calculate the remainder when 183 is divided by y.
45
Suppose 2*v - 3*a = 58, 0 = -4*v + 6*v - 5*a - 58. What is the remainder when v is divided by 10?
9
Let s(l) = 3*l - 17. Let d be s(8). Suppose 4*p = -p + 260. Suppose 0 = 3*q - d*q + p. Calculate the remainder when q is divided by 4.
1
Let s = -324 - -347. Calculate the remainder when s is divided by 9.
5
Let s(w) = 16*w**3 + 6*w**2 - 9*w + 8. What is the remainder when s(2) is divided by 12?
10
Let d = 8 + -6. Suppose d*q = 18 + 22. Calculate the remainder when 39 is divided by q.
19
What is the remainder when 50 is divided by ((-336)/(-18))/((-14)/(-21))?
22
Let w = -11 + 3. Let z(p) = p**2 - p + 8. Calculate the remainder when z(w) is divided by 27.
26
Suppose 5*o + n - 55 = 3*o, 4*o - n - 101 = 0. Suppose 5*f - 138 = -3*p, -o = -2*f + f + p. Let r = 26 - -24. What is the remainder when r is divided by f?
23
Let p = 342 + -321. Suppose 4*s - u - 240 = 0, 2*s - 3*u - 248 = -2*s. What is the remainder when s is divided by p?
17
Suppose -35*k + 49*k = 4396. Calculate the remainder when k is divided by 106.
102
Let a(s) = 7*s**3 - 2*s**2 + 3*s - 5. Let r(h) = 8*h**2 + 2*h - 2. Let q be r(-2). Let o = q + -13. Calculate the remainder when a(2) is divided by o.
10
Let w = 657 + -522. Calculate the remainder when w is divided by 26.
5
Let v = 39 - 69. What is the remainder when (-1488)/v + 4/10 is divided by 26?
24
Let k(n) = n**3 + 2*n**2 - 54*n - 11. What is the remainder when k(7) is divided by 11?
8
Let l(t) = -2 + 7 + 2*t + 4*t + 8*t. Calculate the remainder when l(5) is divided by 26*2/4*2.
23
Suppose 35 = 3*j + 2*j. Let l be (4/5)/(j/(-210)). What is the remainder when (l/(-32))/(2/104) is divided by 10?
9
Let v = 199 - 180. Calculate the remainder when 1/7 + (-454)/(-7) is divided by v.
8
Suppose 3*z - z = -6. What is the remainder when 82 is divided by -3 + 3/z - -32?
26
Let h(y) be the first derivative of 3*y**2/2 + 41*y + 23. What is the remainder when 39 is divided by h(-9)?
11
Suppose -2796 - 1986 = -154*h + 1686. Calculate the remainder when h is divided by 1/(-4) + 130/8.
10
Suppose 41*d + 13*d = 918. Calculate the remainder when 105 is divided by d.
3
Suppose -93*j + 87*j + 636 = 0. What is the remainder when j is divided by 59?
47
Suppose -a + 3*m = -26, m + 78 = 3*a - m. Suppose -2*d - 3*d + 65 = 5*x, -3*x = d - 33. What is the remainder when a is divided by x?
6
Let s = 532 - 234. Calculate the remainder when s is divided by 43.
40
Let m = -118 - -131. Let s(k) = -4*k + 2. Calculate the remainder when s(-9) is divided by m.
12
Let l = 0 - 0. Let b = l - -5. Suppose -3*p + 63 = b*q, 5*q = p + 72 - 13. Calculate the remainder when 22 is divided by q.
10
Suppose -o + 19 = s, 2*s + s = -4*o + 71. Let d be 0 + (0 - 1)*-10. Suppose -b - 5*k + 0 + 1 = 0, d = -2*k. What is the remainder when b is divided by o?
12
Suppose 0 = -56*t + 62*t - 162. What is the remainder when 348 is divided by t?
24
Suppose -4*b + s + 344 = -1164, -3*b + 2*s = -1131. Calculate the remainder when b is divided by 123.
8
Let t = 9 - -39. Let v = -41 + t. What is the remainder when 34 is divided by v?
6
Let c(v) = v**3 + v + 4. What is the remainder when 101 is divided by c(3)?
33
Let u = 20 + -23. Let w(p) = 3*p**2 + p + 5. Calculate the remainder when w(u) is divided by 10.
9
Let t(x) = -2*x + 19. Let m be t(-9). Suppose -2*u - 5*p + 93 = 0, m = 2*u - 4*p - 29. What is the remainder when 192 is divided by u?
36
Let l(o) = 91*o + 5. Let s(w) = -1. Let j(f) = l(f) + 6*s(f). Let h be j(1). Suppose 15 + h = 3*m. Calculate the remainder when m is divided by 12.
11
What is the remainder when (-6)/5 + (-16929)/(-95) is divided by 41?
13
Let u be 9 + 9/6 + (-5)/10. What is the remainder when 94 is divided by (5/(u/(-6)))/((-9)/48)?
14
Suppose 10*a - 14*a = -12. Suppose 0 = -2*r - a*p + 2*p + 119, 2*r = p + 121. Let q = -31 + r. Calculate the remainder when 86 is divided by q.
28
Calculate the remainder when 18/12 + (-685)/(-10) is divided by 55.
15
Let d = 300 + -157. Suppose -5*u + 4*j + 180 = -0*j, -3*u = 5*j - 108. What is the remainder when d is divided by u?
35
Let z be ((-3)/4)/((-5)/120). Suppose z = 